5 = 5*d - 2*j. What is the units digit of d?
3
Let u = -3 + 7. Suppose -4*s + 0*s + 60 = 5*o, -s + 32 = -3*o. Suppose 2*k - 30 + 4 = -3*y, -2*y + s = u*k. What is the units digit of y?
8
Suppose -16 = -x - 3*r, -4*x + 50 + 35 = 5*r. What is the tens digit of x?
2
Let b = -2 + 20. What is the tens digit of (-2)/(-12) + 339/b?
1
Let g be (5/(-5))/(2/(-10)). Suppose a - 7 = -g. What is the units digit of a?
2
Let o(g) = -7*g - 5. Let d be o(3). Let q = d - -63. What is the tens digit of q?
3
Let l(b) = -b**2 - b - 1. Let g be l(-7). Let z = -18 - g. What is the units digit of z?
5
Let y be (-4 + 1 - -3) + 3. Suppose j = -3*j - y*i - 15, -i - 3 = j. Let w = j - -7. What is the units digit of w?
1
Suppose -2*p - 4*m + 6 = -8, 4*m = 4*p - 16. Suppose 146 = p*w + u, -5*u = 3*w - 4*u - 86. What is the units digit of (-2)/5 + 162/w?
5
Let i(s) = -3*s**3 - 3*s**2 + 1. Suppose 2 = -j + 5. Suppose 9 = j*p + 3*l - 0*l, 0 = 4*p - 4*l + 28. What is the units digit of i(p)?
3
Suppose -5*l - 2*z = -3, -4*z - 4 = -5*z. Let u be ((-1)/2)/((-10)/40). Let o = u + l. What is the units digit of o?
1
What is the tens digit of ((64/(-3))/(-1))/(14/42)?
6
Suppose 23*h - 252 = 9*h. What is the units digit of h?
8
Let q = 4 - 28. Let z = -13 - q. What is the units digit of z?
1
Suppose 0 = -3*u - 2*u - 35. Let p = -15 - u. What is the tens digit of 5/(p/3 - -3)?
1
Suppose -3 = s - 4*s. What is the units digit of 3/(3 - (-1 + s))?
1
What is the units digit of -7 + (-9)/(-3) - (-196 - -1)?
1
Let u(z) = -9*z + 7. What is the units digit of u(-4)?
3
Suppose -j = -3*j + 126. What is the tens digit of j?
6
Let n = -3 - -6. What is the units digit of (-81)/18*(-4)/n?
6
Let q(y) = 2*y - 1. Suppose -3*v + 0 = -18. What is the tens digit of q(v)?
1
Suppose 2*a + 5*m = -a, 0 = a + 5*m. Let b(y) = a*y**2 + y**3 - 9 - 2*y**3 - y**2 - 5*y + 10*y**2. What is the tens digit of b(8)?
1
Suppose 4*x - 37 = 23. Let u = 35 - x. Suppose -u = -w - 3*w. What is the units digit of w?
5
Let u = 30 - 14. What is the units digit of 4/(-20) - u/(-5)?
3
Suppose 1 = 4*z - 11. What is the tens digit of (3 - (-8)/z)*3?
1
Let w = 9 + -4. Let k(i) = i**3 - 4*i**2 + 2*i - 5. What is the units digit of k(w)?
0
Let d = 1 + -13. Let b = -20 - d. Let g = 16 + b. What is the units digit of g?
8
Suppose 6 = 3*d + 2*b, 2*b + 0 + 6 = 0. What is the units digit of d?
4
Let u be (1/(-3))/((-3)/45). Suppose u*y - 172 = 83. Suppose -9 = 3*l - y. What is the units digit of l?
4
Let y be (36/30)/((-1)/5). Let j be (2/3)/2*y. What is the units digit of (j + (-63)/(-12))*4?
3
Let x be (-9)/6*(0 + -2). Suppose 3*a - 5*y = 48, y + 81 = -x*a + 7*a. What is the tens digit of a?
2
Let v be (6 + 0)/(8/(-12)). Let b(f) = -f**2 - 8*f - 1. Let o be b(v). Let c = 23 + o. What is the units digit of c?
3
Suppose -s + 2*s = 0. Suppose 7 = -3*w - 5*a, s = 4*w - w + 4*a + 2. What is the units digit of w?
6
Let r(x) = x**2 + 4*x + 4. Let s be r(-6). Let l = 6 - 1. Suppose t - 17 = -4*d, -t - s = 3*t - l*d. What is the units digit of t?
1
Let z = 11 + -7. Suppose 0 = 3*q + q - z. What is the units digit of q?
1
What is the units digit of (-6)/(4/((-48)/9))?
8
Let o(b) = -39*b - 8. What is the hundreds digit of o(-4)?
1
Let t = -139 + 268. What is the hundreds digit of t?
1
Suppose -4*q - 26 = -6. Let l(x) = -x + 9. What is the units digit of l(q)?
4
Let m be 0/(-2)*(-2)/(-4). Suppose -8 = -h - 5*b, -2*h + 3*b = -m*h - 68. Suppose 4*q = -0*q + h. What is the units digit of q?
7
Suppose 2*k = 3*u - 62, 2*k = -2*u + 6*k + 36. Suppose 2*d = -0*d + u. What is the tens digit of d?
1
Let w = 5 - 1. Suppose 0 = 2*f - 18 - w. What is the tens digit of f?
1
Let v(t) = 4*t**2 + t + 1. Let q be v(-1). Suppose 5 = q*u - 3*u. Suppose -u*d = -5*o - 30, 0*d - 5*o - 14 = -d. What is the units digit of d?
4
Let a = 318 - 193. What is the tens digit of a?
2
Let s = 0 - -2. Suppose 5*q - 3*v = -55, q + s*v - 5 = -3. What is the units digit of (-3)/(-12) - 70/q?
9
Suppose -59 = -k - 1. What is the tens digit of k?
5
Let p(n) = 15*n**3 - 2*n**2 + 1. Let b be p(1). Suppose 2*f = 3*f - b. What is the units digit of f?
4
Suppose 0 = -4*n - 3*s + 113, -2*s - 118 = -7*n + 3*n. Suppose 0 = -3*t + r + n, -5*r - 3 = 3*t - 2. What is the units digit of t?
8
Suppose 5*q - 4*r = 326, 7*r - 2*r = -20. What is the tens digit of q?
6
Let l be (-1)/(-3) - (-118)/6. Let h = l + 1. What is the tens digit of h?
2
Let b(a) = a + 4. Let y be (-5 + 0)*(-4)/(-5). Let c be b(y). Let x = c - -15. What is the units digit of x?
5
Suppose 4*j - 11 = -2*i + 7, 0 = -2*i + j + 3. Suppose 52 = 3*h - r, 0 = 4*h - i*h + r - 12. What is the units digit of h?
6
Let g = 25 + 12. Suppose 2*i = 2*y - 18 - 22, 2*y = -i + g. What is the units digit of y?
9
Let x be (-24)/(-10)*75/10. Let p = x - 8. What is the units digit of p?
0
Let d = -82 - -161. What is the tens digit of d?
7
Let d = 115 + 31. What is the tens digit of d?
4
What is the units digit of 1/5 + 522/15?
5
Let k be 2 + -2 + 0 + 2. Let p(y) = -y**2 + 6*y + 7. Let b be p(7). Suppose k*d = -b*d + 20. What is the units digit of d?
0
Let a be (-94)/3 + (-2)/3. Let v = 45 + a. What is the units digit of v?
3
Suppose 1551 = 12*q + 423. What is the units digit of q?
4
Suppose -5*h + 20 = 0, -3*h = 3*d + 3 + 3. What is the units digit of (-140)/(-21) - 2/d?
7
Let u be (-8)/(-36) - (-43)/9. Suppose 3*l = -o + 24, -u*l - 4*o = -o - 36. What is the units digit of 40/18 + (-2)/l?
2
Let w = -10 - -7. Let r = -3 - w. Suppose -s + 3 + 0 = r. What is the units digit of s?
3
Suppose 4*q - 24 = -0*q. What is the tens digit of (28 - -7) + q/(-2)?
3
Suppose -2*p + 123 = 3*h, -4*h = -5*p + p - 144. What is the units digit of h?
9
Let s(t) = -t**3 - 17*t**2 - t - 6. What is the tens digit of s(-17)?
1
Suppose -4*z = -y - 3*y - 56, 0 = 3*z - y - 48. What is the units digit of z?
7
Suppose 10*i - 12*i - g = -124, -4*i + 240 = 4*g. What is the tens digit of i?
6
Let z(u) = 4*u**3 + u**2 - 2*u + 1. Let n be z(1). Let g = n - 1. What is the units digit of g?
3
What is the tens digit of (-590)/(-25) - 6/10?
2
Suppose 68 = 5*h - h. What is the units digit of h?
7
Suppose -5*t + 53 - 18 = 0. What is the units digit of t?
7
Let i(w) = -w**2 + w + 20. What is the tens digit of i(0)?
2
Suppose 0 = 12*b - 11*b - 71. What is the tens digit of b?
7
Suppose -o + 0*o + 29 = -4*b, -5*o + 4*b + 145 = 0. What is the units digit of o?
9
Let c = -2 + 2. Let o = c + 5. Suppose -o*i + 2*b - 2 = -3, -5 = -3*i - b. What is the units digit of i?
1
Let u = 53 + -38. Suppose -v + 4*k + k - 23 = 0, 0 = -5*v - k + u. Suppose -2*s = -3*o - 10 + 38, v*s - 56 = -4*o. What is the units digit of o?
2
Suppose 2*c = -3*z + 295, -2*z + 6*z - 400 = 4*c. What is the tens digit of z?
9
What is the units digit of ((2 - 1) + 0)*2?
2
Let q = -21 - -25. Suppose -q*m + 131 + 45 = 0. What is the tens digit of m?
4
Let w(j) = j**3 - 8*j**2 + 2*j - 11. Let h be w(8). What is the units digit of 13*(-2 + h/1)?
9
Let b(u) = -u**2 + 7*u - 5. Suppose -4 - 1 = -a. Let r be b(a). Suppose r*i = 2*i + 21. What is the units digit of i?
7
Suppose -2*s + 0*p + 4 = 2*p, 4*p - 6 = -2*s. Let d be 2/3*(s - -2). Suppose -d*q + 5 + 1 = 0. What is the units digit of q?
3
Suppose 2*p - 44 = -2*s, 2*s + 3*s + 42 = 3*p. What is the units digit of p?
9
Let v(r) = 15*r**2 - r. Let d be v(2). Suppose 5*l - d = -2*f, 8*l - 4*l - 2*f - 50 = 0. What is the units digit of l?
2
Let j(w) = w**2 - 6*w - 4. Suppose 3*f = 4*f - 7. What is the units digit of j(f)?
3
Let y(d) = -4 + 2 + d + 1. Let j(h) = -h**2 - 5*h - 4. Let a be j(-3). What is the units digit of y(a)?
1
Let j = 5 - 5. Suppose j = -g - 4*g + 40. What is the units digit of g?
8
Suppose -17 - 88 = -c. What is the units digit of c?
5
Let o(m) = 0 + 0*m**2 - 4*m**3 + 2 - 3*m**2 - 7 + m. Let t(g) = 3*g**3 + 3*g**2 - 2*g + 5. Let p(v) = 2*o(v) + 3*t(v). What is the units digit of p(-4)?
5
What is the tens digit of (3 - 1)*75/6?
2
Let a(b) = 6 + 3*b**2 + 2*b**2 - b**3 - 6*b**2. What is the units digit of a(0)?
6
Let v = -13 + 54. What is the units digit of v?
1
What is the units digit of (-27)/(-9) - (1 - 2)?
4
Let h = 18 + 6. Suppose -h = -0*w - 3*w. What is the units digit of w?
8
Let v = -1 + 1. Suppose 21 = 6*h - 9. Suppose 5*b - h = -v. What is the units digit of b?
1
Let